{"id":106,"date":"2026-02-10T22:05:07","date_gmt":"2026-02-10T22:05:07","guid":{"rendered":"http:\/\/geralcarmona.com\/?page_id=106"},"modified":"2026-02-16T18:20:56","modified_gmt":"2026-02-16T18:20:56","slug":"proyectos-artisticos","status":"publish","type":"page","link":"https:\/\/geralcarmona.com\/?page_id=106","title":{"rendered":"PROYECTOS ARTISTICOS"},"content":{"rendered":"<div data-colibri-id=\"106-c1\" class=\"style-456 style-local-106-c1 position-relative\">\n  <!---->\n  <div data-colibri-component=\"section\" data-colibri-id=\"106-c2\" id=\"content\" class=\"h-section h-section-global-spacing d-flex align-items-lg-center align-items-md-center align-items-center style-457 style-local-106-c2 position-relative\">\n    <!---->\n    <!---->\n    <div class=\"h-section-grid-container h-section-boxed-container\">\n      <!---->\n      <div data-colibri-id=\"106-c3\" class=\"h-row-container gutters-row-lg-2 gutters-row-md-2 gutters-row-2 gutters-row-v-lg-2 gutters-row-v-md-2 gutters-row-v-2 style-458 style-local-106-c3 position-relative\">\n        <!---->\n        <div class=\"h-row justify-content-lg-center justify-content-md-center justify-content-center align-items-lg-stretch align-items-md-stretch align-items-stretch gutters-col-lg-2 gutters-col-md-2 gutters-col-2 gutters-col-v-lg-2 gutters-col-v-md-2 gutters-col-v-2\">\n          <!---->\n          <div class=\"h-column h-column-container d-flex h-col-lg-auto h-col-md-auto h-col-auto style-459-outer style-local-106-c4-outer\">\n            <div data-colibri-id=\"106-c4\" class=\"d-flex h-flex-basis h-column__inner h-px-lg-0 h-px-md-2 h-px-0 v-inner-lg-0 v-inner-md-2 v-inner-0 style-459 style-local-106-c4 position-relative\">\n              <!---->\n              <!---->\n              <div class=\"w-100 h-y-container h-column__content h-column__v-align flex-basis-100 align-self-lg-center align-self-md-center align-self-center\">\n                <!---->\n                <div data-colibri-id=\"106-c5\" class=\"d-block style-460 style-local-106-c5 position-relative h-element\">\n                  <!---->\n                  <div class=\"h-image__frame-container-outer\">\n                    <div class=\"h-image__frame-container\">\n                      <!---->\n                      <!---->\n                      <img loading=\"lazy\" decoding=\"async\" width=\"1570\" height=\"980\" src=\"http:\/\/geralcarmona.com\/wp-content\/uploads\/2026\/02\/DOSSIER-EL-DUENDECILLO-DEL-DRAMA.png\" class=\"wp-image-370 style-460-image style-local-106-c5-image\" alt=\"\" srcset=\"https:\/\/geralcarmona.com\/wp-content\/uploads\/2026\/02\/DOSSIER-EL-DUENDECILLO-DEL-DRAMA.png 1570w, https:\/\/geralcarmona.com\/wp-content\/uploads\/2026\/02\/DOSSIER-EL-DUENDECILLO-DEL-DRAMA-300x187.png 300w, https:\/\/geralcarmona.com\/wp-content\/uploads\/2026\/02\/DOSSIER-EL-DUENDECILLO-DEL-DRAMA-1024x639.png 1024w, https:\/\/geralcarmona.com\/wp-content\/uploads\/2026\/02\/DOSSIER-EL-DUENDECILLO-DEL-DRAMA-768x479.png 768w, https:\/\/geralcarmona.com\/wp-content\/uploads\/2026\/02\/DOSSIER-EL-DUENDECILLO-DEL-DRAMA-1536x959.png 1536w\" sizes=\"auto, (max-width: 1570px) 100vw, 1570px\" \/>\n                      <div class=\"h-image__frame h-hide-sm style-460-frameImage style-local-106-c5-frameImage\"><\/div>\n                    <\/div>\n                  <\/div>\n                <\/div>\n              <\/div>\n            <\/div>\n          <\/div>\n          <div class=\"h-column h-column-container d-flex h-col-lg-auto h-col-md-auto h-col-auto style-461-outer style-local-106-c6-outer\">\n            <div data-colibri-id=\"106-c6\" class=\"d-flex h-flex-basis h-column__inner h-px-lg-0 h-px-md-0 h-px-2 v-inner-lg-0 v-inner-md-0 v-inner-2 style-461 style-local-106-c6 position-relative\">\n              <!---->\n              <!---->\n              <div class=\"w-100 h-y-container h-column__content h-column__v-align flex-basis-100 align-self-lg-center align-self-md-center align-self-center\">\n                <!---->\n                <div data-colibri-id=\"106-c7\" class=\"h-global-transition-all h-heading style-462 style-local-106-c7 position-relative h-element\">\n                  <!---->\n                  <div class=\"h-heading__outer style-462 style-local-106-c7\">\n                    <!---->\n                    <!---->\n                    <h3 class=\"\">El Duendecillo del Drama<\/h3>\n                  <\/div>\n                <\/div>\n                <div data-colibri-id=\"106-c8\" class=\"h-text h-text-component style-463 style-local-106-c8 position-relative h-element\">\n                  <!---->\n                  <!---->\n                  <div class=\"\">\n                    <p><em style=\"color: rgba(0,0,0,var(--O42jJQ,1)); font-weight: 400;\">El Duendecillo del Drama<\/em><span style=\"color: rgba(0,0,0,var(--O42jJQ,1)); font-weight: 400;\"> es un juego de mesa por equipos en el cual los jugadores compiten por demostrar que han reunido las cuatro fuerzas del <\/span>\n                      <strong\n                        style=\"color: rgba(0,0,0,var(--O42jJQ,1)); font-weight: 700;\">Duende <\/strong><span style=\"color: rgba(0,0,0,var(--O42jJQ,1)); font-weight: 400;\">mediante la superaci\u00f3n de pruebas de conocimiento, expresi\u00f3n corporal, conexi\u00f3n simb\u00f3lica y recitaci\u00f3n.<\/span><\/p>\n                    <p><span style=\"color: rgba(0,0,0,var(--O42jJQ,1)); font-weight: 400;\">No es solo un juego, es una invitaci\u00f3n a explorar el universo de Federico Garc\u00eda Lorca. Pon a prueba tus conocimientos, saca al actor que llevas dentro y descubre al poeta de una forma social, creativa y divertida. <\/span><\/p>\n                  <\/div>\n                <\/div>\n                <div data-colibri-id=\"106-c9\" class=\"h-x-container style-464 style-local-106-c9 position-relative h-element\">\n                  <!---->\n                  <div class=\"h-x-container-inner style-dynamic-106-c9-group style-464-spacing style-local-106-c9-spacing\"><span class=\"h-button__outer style-465-outer style-local-106-c10-outer d-inline-flex h-element\"><a h-use-smooth-scroll=\"true\" href=\"www.elduendecillodeldrama.com\" target=\"_blank\"  data-colibri-id=\"106-c10\" class=\"d-flex w-100 align-items-center h-button justify-content-lg-center justify-content-md-center justify-content-center style-465 style-local-106-c10 position-relative\"><!----><!----> <span>\u00bfTe atreves a invocar al Duende?<\/span><\/a>\n                    <\/span>\n                  <\/div>\n                <\/div>\n              <\/div>\n            <\/div>\n          <\/div>\n        <\/div>\n      <\/div>\n    <\/div>\n  <\/div>\n<\/div>","protected":false},"excerpt":{"rendered":"<p>El Duendecillo del Drama El Duendecillo del Drama es un juego de mesa [&hellip;]<\/p>\n","protected":false},"author":1,"featured_media":0,"parent":0,"menu_order":0,"comment_status":"closed","ping_status":"closed","template":"page-templates\/full-width-page.php","meta":{"footnotes":""},"class_list":["post-106","page","type-page","status-publish","hentry"],"_links":{"self":[{"href":"https:\/\/geralcarmona.com\/index.php?rest_route=\/wp\/v2\/pages\/106","targetHints":{"allow":["GET"]}}],"collection":[{"href":"https:\/\/geralcarmona.com\/index.php?rest_route=\/wp\/v2\/pages"}],"about":[{"href":"https:\/\/geralcarmona.com\/index.php?rest_route=\/wp\/v2\/types\/page"}],"author":[{"embeddable":true,"href":"https:\/\/geralcarmona.com\/index.php?rest_route=\/wp\/v2\/users\/1"}],"replies":[{"embeddable":true,"href":"https:\/\/geralcarmona.com\/index.php?rest_route=%2Fwp%2Fv2%2Fcomments&post=106"}],"version-history":[{"count":2,"href":"https:\/\/geralcarmona.com\/index.php?rest_route=\/wp\/v2\/pages\/106\/revisions"}],"predecessor-version":[{"id":372,"href":"https:\/\/geralcarmona.com\/index.php?rest_route=\/wp\/v2\/pages\/106\/revisions\/372"}],"wp:attachment":[{"href":"https:\/\/geralcarmona.com\/index.php?rest_route=%2Fwp%2Fv2%2Fmedia&parent=106"}],"curies":[{"name":"wp","href":"https:\/\/api.w.org\/{rel}","templated":true}]}}